d by 2/(-4) - (-17)/2.
7
Let f be 18/4 - 1/2. Suppose -10 = 5*j, -f*r + 2*j = r - 19. Calculate the remainder when 8 is divided by r.
2
Suppose -4*j - 85 = -5*o - 7*j, 27 = 3*o - 3*j. Calculate the remainder when 3 - (42/147 + (-163)/7) is divided by o.
12
Let v(y) = 7*y**2 + 2*y + y - 2*y**3 + y**3 + 5. Let f be v(6). Suppose 2*c = 4*x + 7*c - 58, f = 3*x - 4*c. What is the remainder when 50 is divided by x?
16
Let x = 16 + -10. Let t = x - 3. Suppose j = -2*a + t, -a + 2*j = -0*j - 4. What is the remainder when 6 is divided by a?
0
Let j be (-45)/6*20/(-6). Suppose 2*q = 10, 4*a + q + j = 114. Calculate the remainder when 41 is divided by a.
20
Suppose -4*v - 1 = -57. What is the remainder when 55 is divided by v?
13
Let i be ((-6)/(-7))/(2/14). Let j be (-2 - -5)*10/i. Suppose -j*p - f + 250 = 0, -136 = -3*p + 5*f + 14. Calculate the remainder when p is divided by 17.
16
Let f = 4 + 8. Suppose -6*u = -39 - 99. What is the remainder when u is divided by f?
11
Calculate the remainder when 28 is divided by (18/(-3))/((-1)/1).
4
Let v = -10 + 5. Let y(j) = j**2 + 3*j + 6. Calculate the remainder when 30 is divided by y(v).
14
Let r be 4 - ((-2)/(-2))/1. Suppose u - 4 = 0, 78 = r*f + 2*u - 59. Let a(s) = 7*s - 3. Calculate the remainder when f is divided by a(2).
10
Let x(l) = -3*l + 5. Calculate the remainder when x(-9) is divided by 19.
13
Let u be (15/5)/(6/28). Let j(v) = 3*v + 8. Calculate the remainder when j(6) is divided by 100/7 + (-4)/u.
12
Let p(u) = 8*u - 8. Let w = -35 - -49. What is the remainder when p(6) is divided by w?
12
Suppose l - 3*x + 6 = 0, l + 3*x + 5 = -13. Let f = l + 39. Suppose -2*j + 7*j = -z + f, -4*z = -4*j - 108. Calculate the remainder when z is divided by 14.
13
Let b = 61 - 32. Suppose -2*x = -g - 25, 4*x - 25 = -0*x - 3*g. Calculate the remainder when b is divided by x.
9
What is the remainder when (-8)/(-44) + (-3098)/(-22) is divided by 18?
15
Let n = -77 - -114. Let t = 32 - 3. Suppose c - t = -2*q, 2*q = -q - c + 42. What is the remainder when n is divided by q?
11
Suppose 0 = 4*q - s - 21, -s = -3*q - 4*s + 27. What is the remainder when 22 is divided by q?
4
Let j be 1 + 10/(-2 + 0). Let s be j/(-14) - 52/(-14). Suppose -3*t - 3 = -s*u, 3*t - 3*u + 6 = 2*t. What is the remainder when 4 is divided by t?
1
Let y = 38 + -19. Let s = 38 - y. Calculate the remainder when s is divided by 30/9*3/1.
9
Suppose -i - 8 + 98 = 0. What is the remainder when (2/(-5))/((-1)/i) is divided by 19?
17
Let o(s) be the first derivative of 2 + 1/3*s**3 + 1/4*s**4 + 0*s**2 + 8*s. Calculate the remainder when o(0) is divided by 3.
2
Let k(j) = -5*j + 3. Let a(v) = 11*v - 7. Let u(f) = -4*a(f) - 9*k(f). What is the remainder when (-1)/(-1 - 28/(-29)) is divided by u(9)?
9
Suppose 0*j = 8*j - 264. What is the remainder when j is divided by (-6)/8*-2*12?
15
Suppose w - 5 = -4. Suppose -7 = -s + w. Suppose s - 23 = -3*p. What is the remainder when p is divided by 3?
2
Calculate the remainder when 172 is divided by (-1 - 0)/(4/(-232)).
56
Suppose 4*r + s = -0*s + 706, -r - s = -175. What is the remainder when r is divided by 30?
27
Suppose -2*w + 13 = -3*v, 4*w + 4*v = 2*w + 48. Suppose -n + l = n - 105, 2*n - 123 = -5*l. Calculate the remainder when n is divided by w.
12
Let k = 10 - 6. Let j = -2 + 3. Let p = 12 - j. Calculate the remainder when p is divided by k.
3
Let p(u) = 6 - 1 - 3 + 5*u. What is the remainder when p(3) is divided by 4/3*9/2?
5
Suppose -4*z + 8*z = -176. What is the remainder when 85 is divided by (-2)/4*(z + 0)?
19
Let i(k) = -k**2 + 3*k + 4. Let m be i(4). Let g(s) = s**2 + s + 26. Let b = -32 - -46. Calculate the remainder when g(m) is divided by b.
12
Let b be 16/(-12)*(10 - 1). Let p(a) = a + 3. Let n be p(-10). Let l = n - b. Calculate the remainder when l is divided by 2.
1
Suppose -x = -5, 0 = -5*b + 4*x + 121 - 406. Let y be (-2)/(-3 + 1) - 97. Let g = b - y. What is the remainder when g is divided by 15?
13
What is the remainder when -1 + (-5)/(-3) - 910/(-21) is divided by 16?
12
Let f be (-2)/6 - 66/(-9). Let l = f - 2. What is the remainder when 9 is divided by l?
4
Calculate the remainder when 181 is divided by (-2 - -4)*-1 - (-18)/2.
6
Suppose 4 = b, -4*b + 29 + 15 = 2*k. Let i(p) = 4*p**2. What is the remainder when k is divided by i(-1)?
2
Let o(y) = -y**3 + y. What is the remainder when 28 is divided by o(-2)?
4
Let a = -28 - -42. What is the remainder when (8 - -2)*(-1 + 5) is divided by a?
12
Suppose y + 41 = 6*y + 4*i, 3*y + 3*i = 27. What is the remainder when 9 is divided by y?
4
Let c be (-3 - 5) + -2 + 2. What is the remainder when 5/20 - 6/c is divided by 1?
0
Let n = 47 + -36. Let l be (-94)/(-4) - (-2)/4. Suppose 0 - l = -4*c. Calculate the remainder when n is divided by c.
5
Calculate the remainder when 66/9*9/2 is divided by 13.
7
Suppose 0 = y - 4 + 1. What is the remainder when -5 + y + 3*4 is divided by 4?
2
Let l(k) = -2*k - 12. Let a be l(-8). Calculate the remainder when 61 is divided by a/(-6) - (-150)/9.
13
Let a be 85 - (-3)/(-12)*4. Let h = a - 53. What is the remainder when 59 is divided by h?
28
Let k = -167 + 220. Calculate the remainder when k is divided by 16.
5
Let k = 9 - -86. Calculate the remainder when k is divided by 33.
29
Let i = 179 + -74. Calculate the remainder when i is divided by 6.
3
Suppose 2 + 3 = i. Let t = i - 3. Suppose -t = 2*l - 6. Calculate the remainder when 4 is divided by l.
0
What is the remainder when 0 + 6/(-12)*-248 is divided by 21?
19
Let q(m) = 26*m**2 - 1. Suppose 1 = 4*k - 15. Suppose -5*g + 28 = 2*n, -k*n - 4*g = 10 - 66. Calculate the remainder when q(-1) is divided by n.
11
Suppose 0 = -5*k + 37 + 168. Calculate the remainder when k is divided by 22.
19
Suppose 0 = 2*x - 2 - 0. Suppose a + x = 4. Calculate the remainder when 10 is divided by a.
1
Let q(i) = -i**3 - 6*i**2 - 6*i - 6. Let t be q(-5). Let v = 9 + t. Calculate the remainder when 21 + ((-2)/(-2))/1 is divided by v.
6
Let b be (2 - (-14)/(-4))*-2. Suppose s + 0*s - 21 = -b*h, -4*s = -2*h - 42. Calculate the remainder when 10/(-25) + 531/15 is divided by s.
11
Suppose -2*j - 51 = -q - 5*j, 3*j = 2*q - 84. What is the remainder when 177 is divided by q?
42
Let c(v) = -v + 18. Let k(w) = w**2 + w + 8. Let t be k(0). What is the remainder when (-1*1)/((-1)/19) is divided by c(t)?
9
Suppose 41 = 5*f - 4*t, 4*f = t + 20 + 4. Suppose 10 = 2*i - 0. Suppose 5*l = 5*u - 25, -4*u + i = 5*l + 3. Calculate the remainder when f is divided by u.
2
Let f(d) = 5*d**2 + 3*d + 7. Let b be f(-5). Suppose -12 + b = 5*t. What is the remainder when t is divided by 11?
10
Let b = -25 - -1. Let p = -6 - -4. Let i = p - b. What is the remainder when i is divided by 12?
10
Let w = 8 + -6. Suppose 0 = 5*m + 7 + 18, -25 = -3*p - m. Suppose w*c + p = 4*u, u + 5*c = -u - 1. Calculate the remainder when 3 is divided by u.
1
Let o(d) = 4*d - 5. Let s be o(2). Let j = 14 - s. What is the remainder when 43 is divided by j?
10
Suppose -4*q = q - 60. What is the remainder when 47 is divided by q?
11
Suppose d + 17 = 5*j, 5 = j - 0. What is the remainder when 13 is divided by d?
5
Let r(j) = 2*j + 39. Let p be r(0). Suppose 2*v - 40 = 2*n, 0*v - v - 80 = 4*n. Let h = p + n. Calculate the remainder when h is divided by 10.
9
Let f(k) = k**3 + 6*k**2 - 9*k - 4. Let h = 38 + -20. Calculate the remainder when h is divided by f(-7).
8
Suppose -2*d - 2*g = -4, 0 = 5*d - 0*g - 4*g + 35. Let o = -2 - d. Let w = -1 - -3. What is the remainder when w is divided by o?
0
Let b(v) be the first derivative of 5*v**2 + 3*v - 1. Calculate the remainder when b(3) is divided by 12.
9
Let a = 0 - -24. Let r(m) = m**2 + 4*m**2 - 6*m**2 - 14*m**3 + 0*m**2 + m + 1. What is the remainder when a is divided by r(-1)?
11
Let y(k) = -k + 14. What is the remainder when 65 is divided by y(-8)?
21
What is the remainder when 18 is divided by (-2 - 7 - -4)*-1?
3
Suppose m = 6*m - 50. Let n = 39 + -4. Let o = -16 + n. What is the remainder when o is divided by m?
9
Let d(w) = 6*w - 8. Let n be d(6). Suppose -4*v + 2*s + 16 = 0, -v + 2*v - 5*s - 4 = 0. Calculate the remainder when (-1 - 1)/((-8)/n) is divided by v.
3
Let f = -41 + 59. What is the remainder when 86 is divided by f?
14
Let s = -5 + 8. Suppose -5*m + 45 = -5*p, 2*m + 3 